prime factors of 5826570.
2, 3, 5, 359, 541
What are the prime factors of 4901439?
3, 73, 22381
List the prime factors of 26868382.
2, 31, 433361
What are the prime factors of 919225?
5, 83, 443
What are the prime factors of 860434?
2, 19, 22643
What are the prime factors of 4362130?
2, 5, 509, 857
What are the prime factors of 544322?
2, 127, 2143
List the prime factors of 1039763.
1039763
What are the prime factors of 5294823?
3, 829, 2129
List the prime factors of 375754.
2, 187877
What are the prime factors of 500102?
2, 250051
List the prime factors of 329143.
329143
List the prime factors of 30720.
2, 3, 5
What are the prime factors of 55673?
55673
List the prime factors of 4892870.
2, 5, 59, 8293
List the prime factors of 54415.
5, 10883
List the prime factors of 35635392.
2, 3, 13, 4759
List the prime factors of 734175.
3, 5, 13, 251
What are the prime factors of 359180?
2, 5, 17959
What are the prime factors of 4021786?
2, 2010893
List the prime factors of 783495.
3, 5, 23, 757
What are the prime factors of 244388?
2, 107, 571
List the prime factors of 5320878.
2, 3, 191, 4643
List the prime factors of 549810.
2, 3, 5, 41, 149
What are the prime factors of 486527?
486527
List the prime factors of 30396833.
17, 31, 57679
What are the prime factors of 13502310?
2, 3, 5, 450077
What are the prime factors of 392963?
392963
List the prime factors of 561736.
2, 7, 1433
What are the prime factors of 1128314?
2, 11, 51287
What are the prime factors of 2051921?
31, 66191
What are the prime factors of 2649212?
2, 17, 38959
List the prime factors of 248734.
2, 124367
List the prime factors of 205732.
2, 19, 2707
What are the prime factors of 70014?
2, 3, 7, 1667
What are the prime factors of 5186919?
3, 37, 83, 563
List the prime factors of 4118913.
3, 17, 26921
What are the prime factors of 19768793?
11, 31, 57973
What are the prime factors of 546182?
2, 7, 13, 3001
What are the prime factors of 305694?
2, 3, 17, 37
What are the prime factors of 2738025?
3, 5, 43, 283
What are the prime factors of 5036740?
2, 5, 71, 3547
What are the prime factors of 2826448?
2, 241, 733
What are the prime factors of 9637923?
3, 229, 14029
What are the prime factors of 611426?
2, 311, 983
What are the prime factors of 4077166?
2, 1069, 1907
What are the prime factors of 10627108?
2, 17, 29, 317
What are the prime factors of 6440428?
2, 1610107
List the prime factors of 6198916.
2, 227, 6827
What are the prime factors of 183341?
139, 1319
What are the prime factors of 2596189?
17, 152717
List the prime factors of 1060876.
2, 337, 787
What are the prime factors of 77452?
2, 17, 67
What are the prime factors of 2319021?
3, 17, 23, 659
List the prime factors of 105026.
2, 17, 3089
What are the prime factors of 34542?
2, 3, 19, 101
What are the prime factors of 110947?
110947
List the prime factors of 358778.
2, 7, 523
List the prime factors of 16270371.
3, 13, 59, 2357
What are the prime factors of 11952002?
2, 29, 206069
What are the prime factors of 1288871?
1288871
What are the prime factors of 146755?
5, 7, 599
List the prime factors of 296194.
2, 23, 47, 137
What are the prime factors of 1706546?
2, 347, 2459
What are the prime factors of 2513296?
2, 157081
What are the prime factors of 1125085?
5, 13, 19, 911
What are the prime factors of 18078033?
3, 47, 128213
List the prime factors of 82259.
43, 1913
What are the prime factors of 252937?
252937
What are the prime factors of 1555264?
2, 19, 1279
What are the prime factors of 1151036?
2, 17, 16927
List the prime factors of 1147953.
3, 23, 127, 131
What are the prime factors of 3297176?
2, 412147
What are the prime factors of 4216357?
17, 248021
What are the prime factors of 226383?
3, 59, 1279
What are the prime factors of 958511?
17, 56383
What are the prime factors of 189757?
189757
What are the prime factors of 1893783?
3, 17, 71, 523
List the prime factors of 2766660.
2, 3, 5, 13, 3547
List the prime factors of 253752.
2, 3, 97, 109
What are the prime factors of 4547252?
2, 1136813
List the prime factors of 1774286.
2, 887143
List the prime factors of 4459813.
19, 234727
List the prime factors of 1063351.
1063351
What are the prime factors of 294985?
5, 58997
List the prime factors of 498870.
2, 3, 5, 23, 241
List the prime factors of 352468.
2, 88117
List the prime factors of 9264.
2, 3, 193
List the prime factors of 898052.
2, 224513
What are the prime factors of 321913?
89, 3617
What are the prime factors of 56926?
2, 28463
What are the prime factors of 327357?
3, 36373
What are the prime factors of 164054?
2, 11, 7457
What are the prime factors of 239153?
19, 41, 307
What are the prime factors of 10324712?
2, 17, 89, 853
List the prime factors of 54737.
127, 431
List the prime factors of 5650873.
151, 37423
What are the prime factors of 15263085?
3, 5, 1017539
List the prime factors of 2278940.
2, 5, 113947
What are the prime factors of 41938?
2, 13, 1613
List the prime factors of 258631.
258631
What are the prime factors of 196628?
2, 49157
What are the prime factors of 32384?
2, 11, 23
List the prime factors of 122457.
3, 40819
What are the prime factors of 1735424?
2, 6779
What are the prime factors of 14892589?
479, 31091
What are the prime factors of 2040304?
2, 7, 18217
What are the prime factors of 693925?
5, 41, 677
List the prime factors of 145865.
5, 29173
What are the prime factors of 637260?
2, 3, 5, 13, 19, 43
List the prime factors of 1168233.
3, 11, 35401
List the prime factors of 1809245.
5, 233, 1553
What are the prime factors of 34942939?
17, 2055467
What are the prime factors of 392046?
2, 3, 19, 181
List the prime factors of 8030677.
1373, 5849
What are the prime factors of 817311?
3, 11, 24767
What are the prime factors of 2908451?
7, 13, 31, 1031
List the prime factors of 18290365.
5, 3658073
What are the prime factors of 206659?
47, 4397
What are the prime factors of 922674?
2, 3, 103, 1493
List the prime factors of 11407037.
11407037
List the prime factors of 127520.
2, 5, 797
List the prime factors of 4167803.
79, 52757
What are the prime factors of 3028584?
2, 3, 13, 17, 571
List the prime factors of 2067671.
29, 37, 41, 47
List the prime factors of 310149.
3, 7, 547
What are the prime factors of 3012705?
3, 5, 66949
What are the prime factors of 401302?
2, 11, 17, 29, 37
What are the prime factors of 106381?
11, 19, 509
What are the prime factors of 189664?
2, 5927
What are the prime factors of 4627131?
3, 1542377
List the prime factors of 203454.
2, 3, 89, 127
What are the prime factors of 32884546?
2, 547, 30059
What are the prime factors of 177655?
5, 35531
What are the prime factors of 323002?
2, 29, 5569
List the prime factors of 534056.
2, 241, 277
What are the prime factors of 4187865?
3, 5, 11, 17, 1493
List the prime factors of 295358.
2, 7, 17, 73
What are the prime factors of 5011820?
2, 5, 11, 19, 109
List the prime factors of 3931537.
19, 206923
List the prime factors of 475227.
3, 5867
List the prime factors of 6015227.
43, 59, 2371
What are the prime factors of 22163616?
2, 3, 41, 1877
List the prime factors of 265595.
5, 11, 439
List the prime factors of 13805889.
3, 41, 107, 1049
What are the prime factors of 5590110?
2, 3, 5, 17, 97, 113
What are the prime factors of 7606943?
257, 29599
What are the prime factors of 256067?
7, 157, 233
List the prime factors of 11722399.
13, 613, 1471
List the prime factors of 10203070.
2, 5, 29, 151, 233
List the prime factors of 34910.
2, 5, 3491
What are the prime factors of 392236?
2, 13, 19, 397
List the prime factors of 962574.
2, 3, 17, 9437
What are the prime factors of 952015?
5, 190403
What are the prime factors of 37643230?
2, 5, 3764323
List the prime factors of 1822181.
1822181
What are the prime factors of 1636234?
2, 173, 4729
What are the prime factors of 6481114?
2, 17, 11213
What are the prime factors of 14124420?
2, 3, 5, 131, 599
What are the prime factors of 5830516?
2, 79, 18451
List the prime factors of 3621129.
3, 1207043
List the prime factors of 5213800.
2, 5, 131, 199
What are the prime factors of 1519801?
239, 6359
What are the prime factors of 4133374?
2, 7, 19, 41, 379
What are the prime factors of 4478085?
3, 5, 11057
List the prime factors of 865098.
2, 3, 13, 3697
List the prime factor